site number?
True
Is 70844428129 a composite number?
False
Is 90397110029 composite?
False
Is 47838228437 a composite number?
False
Is 150014497 composite?
True
Is 9765169129 composite?
True
Is 8700161449 a composite number?
True
Is 11236751 prime?
True
Is 62486107729 a composite number?
False
Is 1037419483 a composite number?
False
Is 9918308039 composite?
True
Is 18048318373 composite?
False
Is 1032836267 a composite number?
False
Is 1548471014 a prime number?
False
Is 2959418221 composite?
True
Is 2850154051 a composite number?
False
Is 2248971067 prime?
False
Is 2703315211 a composite number?
True
Is 366168361111 a composite number?
True
Is 3340451885 a prime number?
False
Is 3213405493 a prime number?
True
Is 10014549607 a composite number?
False
Is 6505528987 composite?
False
Is 14016716821 a composite number?
False
Is 48043303769 a composite number?
False
Is 2382962383 a composite number?
False
Is 9648045779 composite?
True
Is 30288347413 a prime number?
True
Is 736188667 a prime number?
False
Is 2840912383 a composite number?
False
Is 19075960999 a composite number?
True
Is 391622767 a composite number?
True
Is 60462472991 a composite number?
False
Is 799901989 a prime number?
True
Is 10150158961 a composite number?
False
Is 13978291 composite?
True
Is 2213076787 a composite number?
False
Is 77195176633 prime?
False
Is 162594960263 prime?
True
Is 15921835459 a prime number?
False
Is 1337829223 a prime number?
True
Is 191275933157 composite?
True
Is 1360652897 a prime number?
True
Is 86155866019 a prime number?
False
Is 57650398397 a prime number?
False
Is 371171267 a composite number?
True
Is 32922305483 prime?
True
Is 1769956423 prime?
True
Is 1237645657 a composite number?
True
Is 15131579473 a prime number?
False
Is 12501936313 a composite number?
True
Is 8999486326 a prime number?
False
Is 5982552461 prime?
False
Is 2928353969 composite?
False
Is 169657513021 a composite number?
False
Is 4151955001 composite?
True
Is 2033842431 a composite number?
True
Is 1220878391 prime?
True
Is 3086925091 prime?
True
Is 12503531 composite?
True
Is 40483066213 composite?
True
Is 50910293167 a composite number?
True
Is 18246554993 a composite number?
False
Is 1377285971 a prime number?
True
Is 37743288371 prime?
False
Is 2425425983 prime?
True
Is 80574872887 a composite number?
False
Is 4566692023 prime?
True
Is 323678689 composite?
False
Is 13080017 prime?
True
Is 1192949089 a prime number?
True
Is 26958005719 a prime number?
True
Is 24542108447 prime?
True
Is 28666697047 a prime number?
True
Is 18743831713 a prime number?
True
Is 61334715097 a prime number?
True
Is 13732686811 a prime number?
True
Is 848043019 a composite number?
False
Is 47916746651 a prime number?
True
Is 43134759469 a composite number?
False
Is 773066839 a prime number?
True
Is 6655866073 a prime number?
True
Is 25217175479 a prime number?
True
Is 62344921867 a composite number?
True
Is 246941267 composite?
True
Is 9346895333 a prime number?
False
Is 2394295807 composite?
False
Is 7556945489 prime?
True
Is 1881326855 prime?
False
Is 356913773 a composite number?
True
Is 342950263 prime?
False
Is 80974176539 a prime number?
False
Is 5713416251 composite?
False
Is 7741463 a prime number?
False
Is 12201900329 prime?
True
Is 1402278959 prime?
True
Is 380087165 a composite number?
True
Is 572053019 a prime number?
True
Is 110645879083 a prime number?
True
Is 3243657 prime?
False
Is 4552488607 a prime number?
True
Is 14924524189 composite?
False
Is 11237057014 a prime number?
False
Is 47792020721 a composite number?
False
Is 1017420871 a prime number?
False
Is 24955638553 prime?
True
Is 2582826979 a prime number?
False
Is 679646827 prime?
False
Is 16315517957 prime?
True
Is 17832511649 composite?
False
Is 1874492017 prime?
True
Is 15254867989 prime?
True
Is 9047261989 prime?
True
Is 10698921113 a composite number?
False
Is 1668012809 prime?
False
Is 30241755169 prime?
True
Is 16978806463 a composite number?
True
Is 282023969 prime?
True
Is 134895703 composite?
True
Is 3350027663 a prime number?
True
Is 1907405957 a prime number?
False
Is 1381877797 a composite number?
False
Is 406871845 a composite number?
True
Is 291321677 a prime number?
True
Is 111720307 a composite number?
False
Is 77705251939 composite?
True
Is 712643501 prime?
True
Is 41250193 composite?
False
Is 474816829 a prime number?
True
Is 14498764939 composite?
False
Is 55808114161 prime?
True
Is 2385572129 a prime number?
False
Is 48379473781 a composite number?
False
Is 32736763 a composite number?
False
Is 4078326823 prime?
True
Is 426137519 prime?
True
Is 89999914513 prime?
True
Is 9005307985 a composite number?
True
Is 2416527023 composite?
False
Is 42769147313 composite?
True
Is 47862158831 a composite number?
False
Is 1232838463 prime?
False
Is 8296824561 composite?
True
Is 3352240879 a composite number?
True
Is 116341144267 prime?
True
Is 1333576841 prime?
False
Is 37693441813 composite?
False
Is 131356789 composite?
False
Is 1513521661 prime?
False
Is 43692504419 prime?
True
Is 51894968711 prime?
True
Is 2057709239 composite?
True
Is 158018797 prime?
False
Is 1846238523 a composite number?
True
Is 1404092099 prime?
False
Is 21843847 prime?
False
Is 58139579 prime?
True
Is 59349448157 prime?
False
Is 72199901003 a composite number?
False
Is 126192503917 prime?
True
Is 4546383071 a composite number?
False
Is 18992351899 prime?
False
Is 389211181 a prime number?
False
Is 24759854359 a composite number?
False
Is 60476624899 prime?
True
Is 3001560869 prime?
True
Is 14121673061 a prime number?
False
Is 3895767769 a composite number?
False
Is 52174927133 prime?
False
Is 5606301133 composite?
False
Is 1680719039 prime?
True
Is 4650458541 composite?
True
Is 179380081 prime?
True
Is 946264609 a prime number?
True
Is 8920337779 a composite number?
True
Is 13014231739 prime?
True
Is 56116939 composite?
True
Is 553176401 composite?
True
Is 40100235863 a prime number?
True
Is 829578439 a composite number?
False
Is 12442795763 prime?
False
Is 17420761289 prime?
False
Is 24226058651 prime?
True
Is 35223676493 prime?
True
Is 67069282373 prime?
True
Is 10037552537 composite?
True
Is 1021236049 composite?
False
Is 11110894813 composite?
False
Is 2318859289 a composite number?
True
Is 1140453529 prime?
False
Is 301931053 a composite number?
True
Is 802685269 a composite number?
False
Is 29876759527 a prime number?
True
Is 15581011 a composite number?
False
Is 285551671 a composite number?
False
Is 57518276341 composite?
True
Is 2661570409 a composite number?
True
Is 1130645167 prime?
False
Is 6409127579 a composite number?
True
Is 603307633 prime?
False
Is 3136924823 prime?
True
Is 46821528067 a composite number?
False
Is 6497191627 a prime number?
True
Is 10219693409 a composite number?
True
Is 16275586487 prime?
True
Is 28514638081 composite?
False
Is 1410628649 a composite number?
False
Is 12470320117 prime?
True
Is 13674208967 a composite number?
False
Is 57266950211 prime?
False
Is 8774172023 a composite number?
False
Is 7874263483 a prime number?
False
Is 2930113507 a prime number?
True
Is 204626287 prime?
False
Is 24176549701 composite?
False
Is 516499861 prime?
True
Is 13004871521 prime?
True
Is 12785356715 prime?
False
Is 14536781591 composite?
False
Is 1323752047 a composite number?
True
Is 55629977213 a composite number?
True
Is 462567783 composite?
True
Is 56924957 a prime number?
True
Is 37543374269 prime?
False
Is 12713800261 a composite number?
False
Is 834769763 composite?
True
Is 632378477 a prime number?
True
Is 5149234087 prime?
True
Is 6358147043 a composite number?
True
Is 871933261 a prime number?
False
Is 18813845387 a composite number?
True
Is 8447983 prime?
False
Is 23659626503 prime?
False
Is 714068347 prime?
True
Is 1473416443 prime?
False
Is 112729741 prime?
False
Is 20946527753 prime?
True
Is 1674644227 prime?
False
Is 2194296701 prime?
True
Is 4627664029 composite?
True
Is 2302326139 a prime number?
True
Is 591735691 a composite number?
True
Is 183959137 a prime number?
True
Is 44907655487 prime?
False
Is 1061764009 a prime number?
False
Is 9746486423 prime?
True
Is 4461484229 composite?
True
Is 26796625057 composite?
True
Is 1357272841 a prime number?
False
Is 12195016021 a composite number?
F